is the remainder when 18598 is divided by 200?
198
Calculate the remainder when 24368 is divided by 697.
670
What is the remainder when 506 is divided by 53?
29
Calculate the remainder when 1546 is divided by 12.
10
What is the remainder when 60435 is divided by 60413?
22
What is the remainder when 11019 is divided by 15?
9
Calculate the remainder when 843678 is divided by 14.
10
What is the remainder when 97456 is divided by 37?
35
What is the remainder when 35057 is divided by 4335?
377
Calculate the remainder when 9065 is divided by 46.
3
Calculate the remainder when 7139 is divided by 410.
169
Calculate the remainder when 917 is divided by 18.
17
Calculate the remainder when 4559 is divided by 488.
167
What is the remainder when 5007 is divided by 4246?
761
Calculate the remainder when 4038548 is divided by 216.
212
What is the remainder when 16702 is divided by 49?
42
Calculate the remainder when 31758 is divided by 9.
6
Calculate the remainder when 98653 is divided by 111.
85
Calculate the remainder when 385818 is divided by 382.
380
Calculate the remainder when 872 is divided by 101.
64
Calculate the remainder when 955785 is divided by 150.
135
What is the remainder when 9358 is divided by 3979?
1400
Calculate the remainder when 52593 is divided by 200.
193
Calculate the remainder when 211084 is divided by 54.
52
What is the remainder when 27782 is divided by 269?
75
Calculate the remainder when 811 is divided by 16.
11
Calculate the remainder when 1716580 is divided by 15.
10
What is the remainder when 3138 is divided by 155?
38
Calculate the remainder when 10708 is divided by 77.
5
What is the remainder when 59997 is divided by 184?
13
Calculate the remainder when 8623 is divided by 8580.
43
Calculate the remainder when 52280 is divided by 17343.
251
Calculate the remainder when 12712 is divided by 103.
43
What is the remainder when 63807 is divided by 1519?
9
Calculate the remainder when 777 is divided by 156.
153
What is the remainder when 2512 is divided by 503?
500
What is the remainder when 89076 is divided by 156?
0
What is the remainder when 2840 is divided by 309?
59
What is the remainder when 7620 is divided by 61?
56
Calculate the remainder when 135658 is divided by 233.
52
What is the remainder when 254233 is divided by 117?
109
What is the remainder when 883565 is divided by 573?
572
Calculate the remainder when 1224 is divided by 172.
20
What is the remainder when 5843 is divided by 824?
75
What is the remainder when 1848 is divided by 1842?
6
What is the remainder when 1909 is divided by 101?
91
Calculate the remainder when 4101 is divided by 84.
69
Calculate the remainder when 200858 is divided by 99.
86
What is the remainder when 519610 is divided by 33?
25
What is the remainder when 18973 is divided by 55?
53
What is the remainder when 39947 is divided by 470?
467
Calculate the remainder when 16506 is divided by 16.
10
What is the remainder when 6766 is divided by 749?
25
What is the remainder when 50841 is divided by 25?
16
What is the remainder when 11478 is divided by 43?
40
Calculate the remainder when 123951 is divided by 241.
77
Calculate the remainder when 139 is divided by 84.
55
Calculate the remainder when 2212 is divided by 222.
214
What is the remainder when 349647 is divided by 533?
532
Calculate the remainder when 86350 is divided by 171.
166
Calculate the remainder when 96229 is divided by 48108.
13
Calculate the remainder when 4188 is divided by 268.
168
Calculate the remainder when 47747 is divided by 430.
17
Calculate the remainder when 15800 is divided by 875.
50
What is the remainder when 94958 is divided by 266?
262
Calculate the remainder when 6254 is divided by 52.
14
Calculate the remainder when 1374 is divided by 272.
14
What is the remainder when 14213 is divided by 215?
23
Calculate the remainder when 96446 is divided by 150.
146
What is the remainder when 15969 is divided by 242?
239
Calculate the remainder when 71438 is divided by 477.
365
What is the remainder when 217717 is divided by 41?
7
Calculate the remainder when 42253 is divided by 3837.
46
What is the remainder when 1297 is divided by 3?
1
What is the remainder when 50261 is divided by 189?
176
Calculate the remainder when 514373 is divided by 27071.
24
What is the remainder when 236580 is divided by 33791?
43
What is the remainder when 1930 is divided by 1926?
4
Calculate the remainder when 1754403 is divided by 954.
951
What is the remainder when 200775 is divided by 28?
15
Calculate the remainder when 295187 is divided by 42.
11
Calculate the remainder when 40750 is divided by 67.
14
Calculate the remainder when 567 is divided by 49.
28
Calculate the remainder when 6792 is divided by 205.
27
Calculate the remainder when 2772 is divided by 107.
97
Calculate the remainder when 2106 is divided by 750.
606
What is the remainder when 11599 is divided by 5664?
271
What is the remainder when 7303 is divided by 197?
14
What is the remainder when 35857 is divided by 55?
52
What is the remainder when 2537 is divided by 488?
97
What is the remainder when 1674 is divided by 171?
135
What is the remainder when 10729 is divided by 23?
11
Calculate the remainder when 36899 is divided by 36.
35
What is the remainder when 10809 is divided by 28?
1
What is the remainder when 7887 is divided by 1035?
642
Calculate the remainder when 2470 is divided by 805.
55
Calculate the remainder when 55652 is divided by 8.
4
What is the remainder when 1988 is divided by 1968?
20
Calculate the remainder when 22433 is divided by 415.
23
What is the remainder when 1782977 is divided by 191?
183
What is the remainder when 4743 is divided by 593?
592
What is the remainder when 3610 is divided by 1602?
406
Calculate the remainder when 168707 is divided by 84338.
31
What is the remainder when 117470 is divided by 1211?
3
Calculate the remainder when 98914 is divided by 16485.
4
Calculate the remainder when 73841 is divided by 135.
131
What is the remainder when 13246 is divided by 12?
10
What is the remainder when 2035 is divided by 170?
165
What is the remainder when 204199 is divided by 15706?
21
What is the remainder when 4050 is divided by 84?
18
Calculate the remainder when 219613 is divided by 30.
13
What is the remainder when 2627 is divided by 2497?
130
Calculate the remainder when 8633 is divided by 240.
233
Calculate the remainder when 2231 is divided by 166.
73
Calculate the remainder when 3607 is divided by 1349.
909
Calculate the remainder when 13276287 is divided by 213.
210
What is the remainder when 79738 is divided by 23?
20
Calculate the remainder when 39625 is divided by 4951.
17
Calculate the remainder when 200093 is divided by 52.
49
What is the remainder when 208061 is divided by 26006?
13
What is the remainder when 153879 is divided by 1099?
19
Calculate the remainder when 185403 is divided by 13.
10
What is the remainder when 2045 is divided by 689?
667
What is the remainder when 703 is divided by 369?
334
Calculate the remainder when 12882 is divided by 6395.
92
What is the remainder when 372713 is divided by 115?
113
Calculate the remainder when 1318 is divided by 328.
6
What is the remainder when 31919 is divided by 2454?
17
Calculate the remainder when 1633 is divided by 12.
1
What is the remainder when 43970 is divided by 139?
46
What is the remainder when 268520 is divided by 467?
462
What is the remainder when 4900 is divided by 1633?
1
Calculate the remainder when 3153 is divided by 748.
161
Calculate the remainder when 10367 is divided by 47.
27
What is the remainder when 13291 is divided by 9?
7
What is the remainder when 109342 is divided by 109310?
32
What is the remainder when 83 is divided by 16?
3
What is the remainder when 17507 is divided by 240?
227
What is the remainder when 224157 is divided by 217?
213
What is the remainder when 36338 is divided by 4036?
14
Calculate the remainder when 3573 is divided by 2122.
1451
Calculate the remainder when 180183 is divided by 370.
363
What is the remainder when 4532 is divided by 1476?
104
What is the remainder when 6190 is divided by 1477?
282
What is the remainder when 54199 is divided by 67?
63
What is the remainder when 161510 is divided by 24?
14
What is the remainder when